ive of -5/3*h**3 + 0*h - 14 + 1/4*h**4 + 1/2*h**2. Let p be s(5). Determine m(p).
9
Suppose -1028 = 247*s - 7450. Let y(m) be the first derivative of m + 9/2*m**2 + s. Give y(-1).
-8
Suppose 3*l + 2*u + 10 = 0, u - 21 = -7*l + 12*l. Let o(c) = 3*c + 5. Let d(m) = -2*m - 4. Let n(r) = l*d(r) - 3*o(r). Calculate n(-2).
3
Let s(o) = 2*o**2 - 2*o + 2. Let w(r) = -r. Let j(h) = -3*h + 2. Let x(v) = j(v) - 4*w(v). Suppose -3*n - 12 = 0, -d = -n - 0 - 4. Let g be x(d). What is s(g)?
6
Let m(a) = -5*a - 37. Let w(f) = -f**2 + 22*f - 78. Let p be w(18). What is m(p)?
-7
Let z(i) be the second derivative of i**5/20 - i**4/3 - i**3/6 + 5*i**2/2 + 784*i + 3. Determine z(3).
-7
Let o(y) = -y**3 - 8*y**2 - 8*y + 6. Let u = -158 + 137. Let b be ((-36)/u)/(8/(-28)). Determine o(b).
-18
Let h(f) be the first derivative of f**3/3 + f**2 + 4*f + 24. Let d = 16 + -19. Calculate h(d).
7
Let q(d) = -d**3 - d**2 + 2*d. Let a(w) = -w - 3. Let g be (-48)/9 - 10/(-30). Let z be a(g). Suppose 4*k + 4 = -2*j, 2*k - 3*j = -z*k - 14. Calculate q(k).
0
Let w(j) = 5*j**3 + 6*j + 6. Let k(z) = -77 + 43 + 65*z - 51 - 150*z - 70*z**3. Let l(i) = -6*k(i) - 85*w(i). Give l(-1).
5
Let v = -9 - -13. Let u(k) = 0 - k**2 - 2 - v*k + 3. Suppose -18*g = -22*g + 12, -4*d - 6 = 2*g. Determine u(d).
4
Suppose -5*a + 7 = -2*f - 29, -5*a + 18 = 4*f. Let x(c) be the first derivative of 7/2*c**2 + 8 + a*c + 1/3*c**3. Calculate x(-5).
-4
Let q(l) = l**2 - 8*l + 5. Let p be q(6). Suppose b + 0*a + 2*a = 5, 5*a = 2*b - 19. Let s(r) = -2*r + 0*r**3 - 28 + 20 + 0*r**3 + b*r**2 + r**3. What is s(p)?
6
Let k(g) = 5*g + 9. Let b(q) = -13 - 2 - 11*q - 4. Let d = -238 + 247. Let n(y) = d*k(y) + 4*b(y). Determine n(0).
5
Let b(u) be the first derivative of -u**4/4 + 25*u**3/3 - 10*u**2 + 31*u + 11943. What is b(24)?
127
Let u(c) = -c**2 + 6*c - 7. Let i(k) = k**2 - 14*k + 28. Let n(v) = -2*v**2 + 28*v - 56. Let j(f) = 7*i(f) + 4*n(f). Let z be j(11). Give u(z).
-2
Let l(h) be the first derivative of 3*h**2/2 - 4*h - 108. Let o be l(-1). Let b(y) = y**2 + 6*y + 8. Determine b(o).
15
Let r = -88012 - -88007. Let x(l) = 5 - 5 - 4*l - l**3 - 6*l**2. Give x(r).
-5
Let b(o) = -o**2 - 4*o. Let n(m) = m**3 + 7*m**2 + 5*m - 10. Suppose 8 + 36 = k + 2*w, -w + 85 = 2*k. Suppose 8*y = y - k. Let q be n(y). Calculate b(q).
0
Let x(d) = 19*d - 5. Suppose -3*p = 4*f - 1, -218*p + 219*p = -2*f - 1. What is x(f)?
-43
Let w(n) = 1 - 4*n + n**3 - n**2 + 3*n + 1. Let r(m) = 9751*m - 9749*m + m**3 + 3*m**2 - 5*m**2 - 2. Let j be r(0). Give w(j).
-8
Let l(f) = 8*f**2 - f + 1. Let j = -555 - -558. Suppose 4*q + 3*r - 25 = -24, -r + j = 4*q. What is l(q)?
8
Let z be (-3)/(196/(-96) - -2). Let a be (-22)/(-8) + -6*(-3)/z. Suppose -a*f + 106 - 127 = 0. Let m(l) = l**3 + 7*l**2 + 1. Give m(f).
1
Let q(u) be the third derivative of -u**6/120 - u**5/20 + u**4/8 - 7*u**3/3 + 15*u**2 + 59. What is q(-4)?
-10
Let i(v) = -11*v**3 + 6*v**2 + 13*v - 1. Let n(q) = 3*q**3 - 2*q + 2. Let t(k) = -i(k) - 4*n(k). Suppose 5*m + 3*z + 2 = -26, -4*m + 4*z = 16. Determine t(m).
-7
Let g(m) = 41*m - 245. Let j be g(6). Let d(k) = -9*k**2 - 4*k + 7. Let s(c) = -4*c**2 - 2*c + 4. Let a(r) = 3*d(r) - 5*s(r). Give a(j).
-8
Let o be (15 + -12)*((-2)/6)/((-4)/6). Let s(g) be the third derivative of -g**2 + 0 - o*g**3 + 0*g - 1/24*g**4. Determine s(-7).
-2
Let f = -1121 + 1137. Let q(a) = 2*a - 27. What is q(f)?
5
Let h = 668 + -679. Let r(a) be the second derivative of a**3/6 + 3*a**2/2 + 53*a. Calculate r(h).
-8
Let w = 980 + -965. Let k be ((-5)/w)/(-1)*24. Let o(l) = l**2 - 9*l - 1. What is o(k)?
-9
Let t(p) = p**2 + 2*p + 2. Let h(j) = -2*j + 3. Let i be h(0). Suppose -i*a + 6*a - 9 = 0. Suppose a*v - 9 = 0, -18 = -5*b - 5*v + 4*v. Calculate t(b).
17
Suppose 1383*h + 2008 - 1001 + 4525 = 0. Let z(x) = 2 + 0*x**2 + 6*x - 3*x**2 + 5*x**2. Calculate z(h).
10
Let k = 898 - 893. Let v(l) = -5*l**3 + 9*l + 2. Let z(d) = -d**3 - d**2 + d - 1. Let r(t) = v(t) - 4*z(t). Determine r(k).
6
Let i(j) = -132*j - 21*j + 77*j. Determine i(1).
-76
Suppose 9*n - 97 = 92. Let a(k) = -k**2 + 20*k + 20. Give a(n).
-1
Let s(z) = 3*z**2 - 7*z + 1. Let h(m) = 2*m**2 - m + 1 + m**2 - 9*m + m**2. Let n(t) = 5*h(t) - 7*s(t). What is n(-4)?
-14
Let c = 193 + -190. Let z(s) = -4*s - 7*s + 13*s + s**2 + 7 + 4*s**c - 6. What is z(-1)?
-4
Let t(v) be the third derivative of v**6/120 + 7*v**5/20 + v**4/12 + 8*v**3 + 5*v**2 + 3*v + 56. What is t(-21)?
6
Let l(d) = 3*d**3 + 9*d**2 + 23*d - 4. Let x(j) = -j**3 - 3*j**2 - 8*j + 1. Let v(r) = -4*l(r) - 11*x(r). Suppose -237*o - 43*o + 358 = 1478. Give v(o).
37
Suppose -68 = 4*f + 2*v, f + 4*v + 1 = 2*f. Let b(p) = 10*p + 6. Let w(m) = -39*m - 24. Let y(t) = f*b(t) - 4*w(t). Determine y(-4).
-18
Let t = 7247 + -7243. Let p(r) = -r**2 + 6*r - 1. What is p(t)?
7
Let x(j) = j**3 - 4*j**2 + 2*j. Let s = 119 - 264. Let p = -142 - s. Give x(p).
-3
Let t(c) = -5*c - 5. Let p(w) = -28*w + 133. Let l be p(5). Give t(l).
30
Let a(t) be the first derivative of -t**7/210 + t**6/360 - t**4/24 - 16*t**3/3 + 3*t**2/2 + 185. Let n(m) be the third derivative of a(m). Calculate n(1).
-4
Suppose 1 = 5*j + 31. Let f(u) = 175*u - 66*u - 36*u - 72*u + 8. Determine f(j).
2
Suppose -120 = -18*d + 3*d. Let j(l) = -5*l - 8. Let f(s) = 3*s + 5. Let u(g) = d*f(g) + 5*j(g). Give u(-8).
8
Suppose -7*m - 17*m = 78*m + 714. Let z(q) = -2*q**3 + 8*q**2 - 4 + 3*q**3 + 8*q + 12. Calculate z(m).
1
Suppose 263 = 18*p + 353. Let j(f) = f**3 + 7*f**2 - f - 3. Let g be j(-7). Let c(y) = g*y - 2*y - 2 - 2. Determine c(p).
-14
Let u(x) = -x**3 - 4*x**2 + 2*x - 6. Suppose 58*h + 4*t = 60*h + 20, 3*t - 9 = 0. Give u(h).
-14
Let c(s) = -17*s**3 - s**2 + 1. Let m = 481 - 341. Let w = m - 141. What is c(w)?
17
Let m(b) = b**2 + 6*b - 50. Suppose -3*v - 82 = 8*z, -4*v = 5*z - 9*v + 65. Determine m(z).
5
Let x(c) be the first derivative of c**4/4 + 13*c**3/3 + 9*c**2/2 - 12*c + 64. Calculate x(-12).
24
Let o(y) = 2*y - 120 + 120 - y. Let i(m) = -m**2 - 5*m + 2. Let t be i(1). Determine o(t).
-4
Suppose -1815*z = -1813*z + 10. Let f(t) be the third derivative of 5*t**4/12 + 7*t**3/6 - 2*t**2 - 128*t. What is f(z)?
-43
Suppose -4*k = -3*m - 8*k - 5, -2*m + 8 = -3*k. Suppose 221*u = 220*u - m. Let g(z) = -17*z**3 + z**2 - 1. Give g(u).
17
Let o(f) = 5*f**3 - 3*f**2 + 7*f + 1. Suppose -21 = -18*p + 10 + 23. Give o(p).
130
Let r(f) be the first derivative of f**4/4 + f**3 + 3*f**2/2 - 5*f + 1832. Calculate r(3).
58
Let w(l) = -2*l**3 + 30*l**2 - 43*l - 15. Let f be w(2). Let v(g) be the first derivative of -2 + 1/3*g**f + 5*g**2 + 7*g. Calculate v(-8).
-9
Let p(t) = -t**2 + 6*t. Suppose 4*v - 100 = -28. Suppose -74 = -5*m - 4*k + 29, 4*m - 80 = -2*k. Suppose 5*w = -i - m, 4*i - w = 11 + v. Calculate p(i).
0
Let d(j) = -16*j**2 - 2*j + 90. Let f(x) = 9*x**2 + x - 50. Let t(c) = -3*d(c) - 5*f(c). Determine t(6).
94
Suppose -2*q = 2261 - 2281. Let i(d) = 2*d + 18. Determine i(q).
38
Let d(b) = -3*b**3 - 45*b**2 - 25*b - 78. Let s(v) = -v**3 - 14*v**2 - 8*v - 24. Let p(i) = 4*d(i) - 13*s(i). Determine p(-4).
-48
Suppose 28*k + 249 = 501. Let f(x) = -2*x**2 + 13*x + 33. Give f(k).
-12
Let s(x) = 19*x**2 + 3*x - 1. Let p(n) = -2*n + 1. Let v(h) = 2*p(h) + s(h). Determine v(-2).
79
Suppose 5*o + 10 = 0, y + 6 = -2*y - 3*o. Suppose -4*t - 5*v - 5 + 54 = y, -t = v - 12. Let d(h) = -h + 11. Give d(t).
0
Let m(a) = a**3 + 4*a**2 + a + 5. Suppose -4*k + 8 = h, 2*h + 4*k - k - 21 = 0. Suppose -3*i = -h*i - 36. Determine m(i).
1
Let s(p) = -4*p + 21. Let b(g) = -3*g + 14. Let x(w) = 2*w**3 - 10*w**2 + 10*w + 1. Let r be x(3). Let t(q) = r*s(q) + 7*b(q). What is t(-6)?
-1
Let h(o) = -o**2 + 18. Suppose 0 = 5*f + 5, -7 = -3*d - 11*f + 6*f. Give h(d).
2
Let i(n) = -n**2 + 6*n + 3. Suppose -3*h - 11 = -203. Let k = 69 - h. What is i(k)?
8
Let h(o) be the first derivative of -o + 64*o**2 + 60 - 63*o**2 + 30. Let x = 2 - 3. What is h(x)?
-3
Let o(k) = -k**3 - 12*k**2 - 10*k - 8. Let l = -6340 + 6329. What is o(l)?
-19
Suppose f - 68 = 10. Let t(w) = -14*w - f + 37 + 39. What is t(2)?
-30
Let d(k) = -212*k + 641. Let x be d(3). Suppose -5*q + q = -4*r + 4, 3*q - r - 3 = 0. Let v(l) = -l + 4 - l**3 + 5*l**q + 0*l - l - l. Calculate v(x).
-11
Let v(m) be the first derivative of m**3/3 - 29*m**2/2 + 107*m + 13